27 = -5*f - 3*x. What is the units digit of f?
5
Suppose 3*f + 5*s = 12392, -4131 = -f - 3*s + s. What is the hundreds digit of f?
1
Suppose 8*v = 3*v + 85. Let n = 18 + v. What is the units digit of n?
5
Let a(c) = c**3 + 12*c**2 + 10. Let n = 17 + -29. Let k be a(n). Suppose h + 4*h - k = 0. What is the units digit of h?
2
Let z(i) = i**3 + 3*i**2 - 4*i + 4. Let b(l) = 2 - 3*l - 3*l**2 + l**3 + 5*l**2 + 6 - 5. Let w(h) = -5*b(h) + 4*z(h). What is the units digit of w(-2)?
9
What is the units digit of (-11)/(385/(-74676)) - 4/(-10)?
4
Let h(o) = 8*o**2 + 15*o + 72. What is the thousands digit of h(-16)?
1
Let w(o) = 449*o**3 - 2*o**2 - 2*o + 3. What is the units digit of w(1)?
8
Suppose -5*l + 25 = -j - 4*j, -3*l - 3*j = -15. Suppose -3*f + l*p = -208, 295 = 5*f + 2*p - 0*p. What is the tens digit of f?
6
Suppose 0 = 3*c + c + 2*t - 368, 2*c - t = 184. Suppose c = w - 2*a, 0 = -w - a + 24 + 62. What is the tens digit of w?
8
Suppose 2*n - 48 = 5*q, 2*n - 74 + 26 = -4*q. Suppose -m + n - 9 = 0. What is the tens digit of m?
1
Let v = -9 - -14. Suppose -3*c = -4 - v. Suppose 125 = c*s - 46. What is the tens digit of s?
5
Let g(q) = q**2 + 2*q + 1. Let u be g(3). Suppose -240 = 13*n - u*n. What is the units digit of n?
0
Suppose -4*x + 0 = -8. Suppose 2*b - 5*g - 27 - 40 = 0, x*b - 57 = 3*g. What is the tens digit of b?
2
Suppose -3 = -2*w + 7. Suppose 3*k - w*n + 1 = 0, -k + 5*n - n - 5 = 0. What is the units digit of 0*k/12 + 11?
1
Let c(s) = -s - 16. Let y be c(-16). Suppose -4*r = -y*v + 3*v - 19, 0 = 2*v + 3*r - 11. Let l = v + 3. What is the units digit of l?
6
Let z(a) = a**3 + 8*a**2 - 3*a. Let q = 12 - 15. Let f(s) = 4*s + 4. Let o be f(q). What is the tens digit of z(o)?
2
Let a(u) = 7*u**2 - 15*u + 21. Let i(p) = -20*p**2 + 45*p - 63. Let y(c) = 17*a(c) + 6*i(c). What is the units digit of y(10)?
9
Suppose 4*y = 2*y + 278. Let j = -42 + y. What is the units digit of j?
7
Let i(s) = -4*s. Let q be i(-1). Suppose q + 4 = 4*t. What is the units digit of t?
2
Suppose 5*u = a - 276, 0 = 4*a - 5*u + 413 - 1517. What is the tens digit of a?
7
Suppose -490 = -5*x + 375. What is the units digit of x?
3
Suppose -3*d = 5*o - 770, -5*o - 13 + 3 = 0. What is the units digit of d?
0
Suppose 0 = 8*k - 9 - 23. Suppose k*x = 9*x - 695. What is the units digit of x?
9
Let h(r) = 2*r**2 + 6*r + 125. What is the tens digit of h(-12)?
4
Suppose -r - 3*q = -557, -4*r - 12*q + 2264 = -9*q. What is the units digit of r?
9
Let b(u) = 2*u + 2*u**2 - 4*u + 10*u. What is the units digit of b(-8)?
4
Let s = 35 - 148. Let z = s - -172. Let c = -36 + z. What is the tens digit of c?
2
Suppose -15 - 531 = -7*p. What is the tens digit of p?
7
Suppose 0 = 2*t + z - 19, 0 = 3*t + t - 5*z - 31. Suppose -v + 32 = t. What is the tens digit of v?
2
Let c = 56 + -25. Let a = 37 - c. Suppose a = -x + 71. What is the units digit of x?
5
Suppose 2*o - 831 = -z, 27*o - 3359 = -4*z + 26*o. What is the hundreds digit of z?
8
Let l be (-3 - -8)*(0 + -11). Let d be l/(-22)*(3 - 1). Suppose 5*h - d*r = 90, -5*h - r = 2*r - 106. What is the units digit of h?
0
Let j = 4628 + -3188. What is the units digit of j?
0
Suppose 370 = j + 3*f, j + 4*f = 6*f + 350. What is the units digit of j?
8
Let u = 38 + -12. Suppose u = x - 38. What is the units digit of x?
4
Let r(h) = -h**3 - 9*h**2 - 9*h - 10. Let t be r(-8). What is the units digit of 52/1 - 2*t?
6
Let i be 1/(-3) + (-22)/(-3). Suppose 0*y + 40 = o - 3*y, -y = 3*o - 80. Let b = o + i. What is the units digit of b?
5
What is the tens digit of -750*(25 + -34)*4/30?
0
Suppose -3*d - q + 0*q - 9 = 0, 3*q + 17 = -4*d. Let i be (7 - d) + -2 + 5. What is the units digit of (i/5)/(12/390)?
8
Let j(b) = 5*b + 12. Let l be j(-3). Let f(c) = -2*c**3 + 5*c**2 - 5*c - 5. What is the units digit of f(l)?
9
Let i = -21 + 43. Let n(c) = 3 - 23*c**2 - 7 + i*c**2 + 8*c. What is the units digit of n(5)?
1
Let i = 811 - 482. Let r = i - -13. What is the units digit of r?
2
Suppose -2*o - 6542 = -4*n - 5*o, -4*o = 3*n - 4903. What is the hundreds digit of n?
6
Suppose 22*r - 10787 - 32839 = 0. What is the tens digit of r?
8
Suppose 0 = 18*x - 19*x + 554. What is the tens digit of x?
5
Suppose 8 = 3*i - 10. Let j(l) be the third derivative of l**5/60 - l**4/8 - l**3/3 + l**2. What is the units digit of j(i)?
6
Let l be ((-26)/13)/((-4)/(-6)). Let y be 2/l*(-2 + 5). Let h(x) = -11*x - 1. What is the units digit of h(y)?
1
Let v be 4/(-6)*(-9)/2 + -3. What is the tens digit of (-126)/(-4)*(-2 + 8 + v)?
8
Let j = -1943 - -5242. What is the units digit of j?
9
Suppose g = 13*r - 11*r + 388, g + 3*r - 368 = 0. What is the hundreds digit of g?
3
Let q be -2 + 0 - (1 - 0). Let b = q + 17. What is the units digit of b?
4
Suppose -4*u - 369 + 20297 = -4*x, -2*u + 4*x + 9968 = 0. What is the hundreds digit of (-1)/(5 + u/(-995))?
1
Let d = -12 - -14. Suppose -d*x + 540 = 2*x + 2*w, -2*x - 3*w + 266 = 0. What is the tens digit of x?
3
Let g be 0 + (-4)/16*-4. Let l be (2 + -3)*(-14)/g. Suppose -l*h + 110 = -9*h. What is the units digit of h?
2
Suppose -3*j + 4 = -j. Suppose -4 = -4*s, -3*f = -f - 2*s - j. What is the units digit of f?
2
Suppose 2 - 15 = -3*r + c, r = -3*c + 21. Let d be (-99)/r*4/6. What is the units digit of -2*(d - 0) - 3?
9
Let z(v) = 3*v - 5. Let k(f) = 2*f - 3. Let c(o) = 5*k(o) - 3*z(o). Let d be c(0). Suppose -5*l + l + 132 = d. What is the units digit of l?
3
Let t be -1 + -225 - (4 - 6). Let l be 6/33 - t/(-22). What is the units digit of (l/4)/((-4)/8)?
5
Let w = 819 - -719. What is the tens digit of w?
3
Let w(h) = h**2 + 4*h - 2. Suppose -2*q = -5*s - 5, 5*q + 36 = -5*s - 4. Let v be w(q). Suppose 0*o - 6 = -v*o. What is the units digit of o?
2
Let l(o) = -o**3 - 3*o + 5*o**2 + 5 - 2*o - 1. Let i be l(4). Suppose 31 = 4*w + 4*b - 73, -4*w + b + 124 = i. What is the tens digit of w?
3
Suppose 102 = -7*k + 2937. What is the tens digit of k?
0
Let a(i) = i**2 + 3*i + 1. Let b be 24/(-9)*(-9)/(-6). Let v be a(b). Suppose 7*r = v*r + 46. What is the units digit of r?
3
Let z(v) = 10*v - 38. Let o be z(5). What is the units digit of o*5/((-60)/(-63))?
3
Suppose 0*t = 3*t - 12. Let k = -7 + t. What is the units digit of (0 + -29)*3/k?
9
Suppose 2*j - j - 4 = 0. Suppose v - j*v = -3. What is the units digit of 1 + (-4 - -8*v)?
5
Suppose -16*s + 10787 = -9*s. What is the tens digit of s?
4
What is the tens digit of 112 - (0 - ((-5)/5 + -3))?
0
Let s(g) = 14*g**3 - 8*g**2 - 3*g - 5. What is the hundreds digit of s(4)?
7
Let b(p) = -p**2 - 13*p - 12. Let m be b(-12). Suppose d + 3*s + 2 + 4 = m, 0 = -5*d + s + 34. What is the units digit of d?
6
Let u = -116 - -185. Suppose -y - y = 78. Let g = u + y. What is the tens digit of g?
3
Let j(o) = 60*o**3 - o**2 + 1. Suppose f = -1 + 2. What is the tens digit of j(f)?
6
Let r(k) = -5*k - 35. What is the units digit of r(-10)?
5
Let i(l) = 3*l**3 + 4*l**2 - 7*l - 18. Let k(s) = s**3 - s - 1. Let u(n) = -i(n) + 4*k(n). What is the hundreds digit of u(6)?
1
Suppose u = -5*h + 4869, 5*h - 4866 = -39*u + 35*u. What is the tens digit of h?
7
Let d(u) = -2*u - 30. Let p be d(0). Let k be (-8)/20*(p + 0). Let h(q) = 3*q - 2. What is the tens digit of h(k)?
3
Let v = 204 + -201. Let c be (-2)/5 - 6/(-15). Suppose c = -r + v. What is the units digit of r?
3
Suppose 4 = 4*x - 32. Let i = 9 - x. Suppose i = 10*n - 13*n + 111. What is the tens digit of n?
3
Let n(l) be the second derivative of l**5/20 - l**4/2 - 7*l**3/6 + 9*l**2/2 - 11*l. What is the units digit of n(8)?
1
Let o = 134 - 139. Let f = 22 + o. What is the tens digit of f?
1
Suppose -2*p + 968 = 4*m, 2*m = -5*p + 314 + 162. Let k = m + -66. What is the tens digit of k?
7
Suppose 3*b - 2*c - 4481 = -0*b, 2*b + 4*c = 2998. What is the hundreds digit of b?
4
Suppose -5*j - w = -10145, 2*j - 1427 - 2643 = 2*w. What is the tens digit of j?
3
Let k be 4/7 - 85/(-35). Let t(m) = 21*m**k - 17*m**2 - 11*m**3 + 10 - 11*m**3 - 3*m + 20*m. What is the tens digit of t(-18)?
2
Let g(c) = 3*c - 21. Let f be g(6). Let d(j) = -10*j - 9. What is the units digit of d(f)?
1
Suppose -19*b + 1324 + 1108 = 0. What is the tens digit of b?
2
Suppose -576 = -11*h + 612. What is the tens digit of h?
0
Let i be (19/(-133) + 586/(-14))*-1. Suppose -i - 6 = -2*z. What is the te